In base 2, what is -100 + -1001100?
-1010000
In base 13, what is 7a79 - -5?
7a81
In base 12, what is -5aa - 8?
-5b6
In base 13, what is -8b - -3?
-88
In base 14, what is 4 + 473?
477
In base 14, what is -5 - 1163?
-1168
In base 6, what is 24 + 11021?
11045
In base 2, what is 100010100011 + -101?
100010011110
In base 3, what is 210202 - 10?
210122
In base 7, what is -22 - 32?
-54
In base 13, what is -6b1 + 3?
-6ab
In base 2, what is 101 + 11111?
100100
In base 7, what is 1003 + 0?
1003
In base 14, what is -4 + 3c4?
3c0
In base 3, what is -2201 - -10?
-2121
In base 11, what is -5 + 745?
740
In base 10, what is -151 - 26?
-177
In base 8, what is -3 + 2?
-1
In base 9, what is -4 + -84?
-88
In base 12, what is 154 - 4?
150
In base 12, what is 21 + 39?
5a
In base 14, what is 70 - 5?
69
In base 5, what is 23000 - 1?
22444
In base 14, what is -214a + -3?
-214d
In base 3, what is 100000 + -12?
22211
In base 3, what is 12 - -11020?
11102
In base 7, what is -1055 + 1?
-1054
In base 15, what is -2 + -1d?
-20
In base 12, what is -826 - -2?
-824
In base 3, what is -12020 + 10?
-12010
In base 7, what is -5 + -463?
-501
In base 9, what is -356 + -2?
-358
In base 12, what is -5 + -52?
-57
In base 13, what is 2b4a - 3?
2b47
In base 6, what is 3 - -430?
433
In base 14, what is -59c - 3?
-5a1
In base 4, what is 1031 + 203?
1300
In base 16, what is 4 + e?
12
In base 16, what is -ad + 3?
-aa
In base 13, what is -13 + 2?
-11
In base 15, what is 20 - -e?
2e
In base 7, what is 35 - -263?
331
In base 15, what is 5 + -363?
-35d
In base 10, what is -1 - -239?
238
In base 3, what is 10022 + -11?
10011
In base 4, what is 21 + -30?
-3
In base 13, what is -6 - -182?
179
In base 8, what is -1 - -5654?
5653
In base 6, what is 2 + -223?
-221
In base 16, what is -a + 2e1?
2d7
In base 6, what is -30 - 245?
-315
In base 14, what is 2 + 9?
b
In base 11, what is -a4 - 2?
-a6
In base 2, what is 110 + 10010101?
10011011
In base 14, what is -158 + 4?
-154
In base 7, what is -1 + 1?
0
In base 11, what is -1 + 6202?
6201
In base 2, what is -110011 - 11111001?
-100101100
In base 11, what is 3 + 408?
410
In base 13, what is -172 - 4?
-176
In base 16, what is 2 - -15?
17
In base 5, what is -3 - 102241?
-102244
In base 4, what is 22 - -22?
110
In base 8, what is -40 - 32?
-72
In base 13, what is -4b + 10?
-3b
In base 12, what is -1 - -432?
431
In base 15, what is d + -e?
-1
In base 9, what is -1 + -11?
-12
In base 4, what is -20 - -31232?
31212
In base 9, what is -432 - -5?
-426
In base 4, what is -20 + -1012?
-1032
In base 10, what is -5 - -4?
-1
In base 11, what is -27 + -15a?
-186
In base 6, what is -45 - 135?
-224
In base 6, what is 0 - -543?
543
In base 12, what is 1 - -24?
25
In base 14, what is -47 - 22?
-69
In base 5, what is 31130 + -11?
31114
In base 14, what is 2 - -129?
12b
In base 13, what is -5 - 51?
-56
In base 13, what is -31 - 63?
-94
In base 16, what is a7 + -60?
47
In base 13, what is -2 + 53?
51
In base 5, what is 10 - -13202?
13212
In base 11, what is -37 + 35?
-2
In base 9, what is -6 + 4568?
4562
In base 9, what is 57046 + -3?
57043
In base 3, what is -10 + -2002122?
-2002202
In base 7, what is -24 + 0?
-24
In base 8, what is 1124 + 1?
1125
In base 13, what is 2 - -18?
1a
In base 13, what is 226 - -3?
229
In base 16, what is -1bd + d?
-1b0
In base 3, what is 10010 + -201?
2102
In base 14, what is -3 - 52?
-55
In base 14, what is -4ac2 - -3?
-4abd
In base 10, what is 2 - -137?
139
In base 11, what is 2 + 1649?
1650
In base 12, what is -37 + 28?
-b
In base 3, what is -11112 + -1?
-11120
In base 9, what is -248 + 0?
-248
In base 12, what is -30 + -36?
-66
In base 5, what is 3 - 12122?
-12114
In base 13, what is 8326 - -5?
832b
In base 5, what is 1324 - -2?
1331
In base 11, what is -4324 + -4?
-4328
In base 3, what is 222 + 2122?
10121
In base 4, what is 1123 - -12?
1201
In base 5, what is -4 + -131?
-140
In base 8, what is -20 + 1124?
1104
In base 6, what is 5 + 42?
51
In base 9, what is 488 - -1?
500
In base 2, what is -10 + -101000101?
-101000111
In base 9, what is 14 - 104?
-80
In base 3, what is 2112000 + 1?
2112001
In base 16, what is -63 + 7?
-5c
In base 6, what is -202 + -4?
-210
In base 14, what is -326 - 3?
-329
In base 16, what is -88 - -13?
-75
In base 12, what is 64 + -51?
13
In base 11, what is 757 - -3?
75a
In base 8, what is 542 - 3?
537
In base 2, what is 10110000 + -101?
10101011
In base 7, what is -1 + 555?
554
In base 10, what is -3 - -1794?
1791
In base 12, what is a + 21?
2b
In base 14, what is -7 + -19?
-22
In base 15, what is -6bc - -b?
-6b1
In base 2, what is 1 - 101?
-100
In base 10, what is 61 + -1?
60
In base 5, what is 40313 + 1?
40314
In base 6, what is 31 + -20?
11
In base 5, what is 1243 - 2?
1241
In base 12, what is -2 - -1b4?
1b2
In base 16, what is -3 - -2?
-1
In base 6, what is 324 - 4?
320
In base 14, what is 2 - -31?
33
In base 8, what is 40 + 0?
40
In base 6, what is -14 - 20?
-34
In base 15, what is -a2 - 70?
-122
In base 12, what is -40 + 33?
-9
In base 11, what is -2 + 46?
44
In base 5, what is 240 - -204?
444
In base 2, what is 11011111 - 11?
11011100
In base 16, what is -8f - 0?
-8f
In base 12, what is 2 + 1b?
21
In base 4, what is 21332 - 32?
21300
In base 16, what is -8d - 5?
-92
In base 8, what is 10 - -26?
36
In base 2, what is -100110 - 11?
-101001
In base 9, what is 3 + 305?
308
In base 2, what is -11010100 + -1101?
-11100001
In base 12, what is 1b - -39?
58
In base 10, what is 3 + -66?
-63
In base 5, what is 2 + -4?
-2
In base 4, what is -2000020 + 0?
-2000020
In base 11, what is -38 - 3?
-40
In base 13, what is 1 + 16?
17
In base 5, what is 3 + -332?
-324
In base 5, what is 1 - -2031?
2032
In base 15, what is 56c - 5?
567
In base 2, what is 100 - -11010110?
11011010
In base 7, what is 0 - 366?
-366
In base 8, what is 135 - 33?
102
In base 6, what is 23 + 2345?
2412
In base 14, what is -4 - 169a?
-16a0
In base 2, what is 1 + 111001?
111010
In base 10, what is -1 - -150?
149
In base 9, what is -5 - -1?
-4
In base 4, what is 1200003 - 1?
1200002
In base 8, what is -31140 + -1?
-31141
In base 13, what is 72c - -5?
734
In base 5, what is 20 + 3012?
3032
In base 12, what is 1b + -2?
19
In base 10, what is -22 + -48?
-70
In base 5, what is -3 + -40101?
-40104
In base 3, what is 10 - -1002220?
1010000
In base 5, what is -24 - 1210?
-1234
In base 3, what is -1201220 - 1?
-1201221
In base 7, what is -225 + -64?
-322
In base 9, what is 146 - -2?
148
In base 11, what is 1184 + 1?
1185
In base 6, what is -1051 - 2?
-1053
In base 8, what is 12 + -60?
-46
In base 14, what is -1 - -55?
54
In base 11, what is -2 + -213?
-215
In base 7, what is 600 + -1?
566
In base 10, what is 142 + -2?
140
In base 4, what is 223 + -100?
123
In base 7, what is -5542 - 3?
-5545
In base 3, what is 100 + 1100?
1200
In base 11, what is -13 + -2a2?
-305
In base 10, what is -3 - 93?
-96
In base 3, what is -12 - 1000000?
-1000012
In base 11, what is 1 + 91?
92
In base 5, what is 120 + 11?
131
In base 3, what is -1 - -1201222?
1201221
In base 14, what is 4 + 44?
48
In base 14, what is 4 + -649?
-645
In base 14, what is -7 - -653?
64a
In base 15, what is 1 - -a?
b
In base 3, what is -22220 + 11?
-22202
In base 10, what is -5 + 82?
77
In base 15, what is 8 - -99?
a2
In base 13, what is -12a + -9?
-136
In base 14, what is -c + 1?
-b
In base 8, what is -62 - 6?
-70
In base 10, what is 4 - -2489?
2493
In base 2, what is 100 - -100?
1000
In base 4, what is -131202 + 11?
-131131
In base 7, what is -1360 - 0?
-1360
In base 11, what is -315 + 8?
-308
In base 15, what is -7 + 104?
ec
In base 10, what is 24 - -17?
41
In base 7, what is 22211 - 1?
22210
In base 13, what is -7 + -b39?
-b43
In base 3, what is -102110 + 10?
-102100
In base 8, what is -4 - 16214?
-16220
In base 2, what is 11 + 110010100?
110010111
In base 16, what is -9e + -17?
-b5
In base 2, what is -1 + -1001110101?
-1001110110
In base 4, what is 212 - 300?
-22
In base 13, what is 0 - 28?
-28
In base 8, what is 3 + -373?
-370
In base 12, what is 0 - -122?
122
In base 14, what is 7 - 20?
-17
In base 12, what is -1323 + 1?
-1322
In base 9, what is -10683 + 0?
-10683
In base 10, what is -3 - -133?
130
In base 12, what is -7 - 1256?
-1261
In base 14, what is -4 - 70?
-74
In base 8, what is -312 + -2?
-314
In 